 o.
13
Suppose 5*y = -4*k + 6*k + 263, 2*y + 5*k - 111 = 0. Let d be (4 - 5)/((-3)/(-189)). Let g = -35 - d. Calculate the remainder when y is divided by g.
25
What is the remainder when (267 + -266)/(2/184) is divided by (-3)/(-1 + 138/147)?
43
Let o = 15 - -96. Let x = -60 + 51. Let i(d) = -d**3 - 10*d**2 - 13*d + 2. What is the remainder when o is divided by i(x)?
35
Suppose 5*s - 21*z - 2750 = -16*z, 3*z = -3. What is the remainder when s is divided by 25?
24
Let b(p) = -12*p + 296. Calculate the remainder when b(2) is divided by 32.
16
Suppose 4*q - 110 = 2*q + 62. What is the remainder when 250 is divided by q?
78
Suppose 4*d - 572 = -4*v, 2*d - 3*v - 223 = 48. Calculate the remainder when d is divided by 134.
6
Let x be 2190*(4/8)/((-1)/1). Calculate the remainder when x/(-5) - 7/(28/12) is divided by 11.
7
Suppose 572*a = 546*a + 2444. Calculate the remainder when a is divided by 32.
30
Let y(i) = i**3 + 79*i**2 + 5*i + 17. Calculate the remainder when y(-78) is divided by 16.
15
Let q = -328 + 351. Suppose 2*p = q + 25. What is the remainder when 214 is divided by p?
22
Suppose -4*s + 5*z = -8*s + 102, 2*s + 4*z = 48. Let v = 103 - s. Let j = 99 - v. What is the remainder when j is divided by 13?
11
Let r = -30711 - -30811. What is the remainder when 1610 is divided by r?
10
Let i(s) = -s**3 - 3*s**2 + 2*s - 2. Let n be i(2). What is the remainder when (1 + (-1290)/n)*3 is divided by 22?
20
Suppose 40345 + 839 = 96*s. What is the remainder when s is divided by 10?
9
Let d be 9/21 + (1 - (-3345)/35). Suppose q = -4*t + 5*t - d, 4*q = -3*t + 277. What is the remainder when t is divided by 37?
21
Let z be (3 + -2)*5 + -52. Let m be 2/10 - (-2540)/50. Let p = m + z. Calculate the remainder when 15 is divided by p.
3
Let k = -8 - 10. Let p = 26 + k. Calculate the remainder when 4/16*(5 + 79) is divided by p.
5
Suppose 2*a - 4*o - 248 = 0, 12*o - 9*o + 6 = 0. Let u = 126 - a. Calculate the remainder when 15 is divided by u.
3
Suppose 34*o - 40781 = -25*o + 18219. What is the remainder when o is divided by 18?
10
Let u(g) = -28*g**2 + 959*g + 36. What is the remainder when 432 is divided by u(34)?
158
Let i = -37 - -32. Let c(f) = -2*f + 13. Suppose 3*r - 4*b - 16 = 0, 2*r = -r + 3*b + 18. What is the remainder when c(i) is divided by r?
7
Let w(g) = -6*g - 34. Let l = 463 + -473. What is the remainder when 58 is divided by w(l)?
6
Suppose 7*x = 63 + 56. Suppose -168 = x*y - 19*y. What is the remainder when y is divided by 40?
4
Calculate the remainder when 1019 - -148 - (-14)/2 is divided by 21.
19
Suppose 196*s = -141*s + 1385407. Calculate the remainder when s is divided by 179.
173
Let m(u) = 5*u**2 + 189*u - 872. Calculate the remainder when m(25) is divided by 14.
6
Calculate the remainder when 526 is divided by (8 - 36/9)*48.
142
Suppose 5*o = q + 29, 8 = -6*o + q + 43. Suppose -5*i = -3*i - 40. Suppose -4*a + o*a = i. Calculate the remainder when 67 is divided by a.
7
Let x(a) = a**2 - 4*a - 5. Let b be x(4). Let t(i) = -17*i - 70. Calculate the remainder when 194 is divided by t(b).
14
Suppose 0 = 3*b + 2*q - 5656, 0 = -4*b + 18*q - 22*q + 7536. What is the remainder when b is divided by 61?
58
Calculate the remainder when (-6070)/(-20) + (-9)/(-6) + (3 - 7) is divided by 32.
13
Suppose 4*w + 3*v = 9 - 11, -3*v = -5*w - 16. What is the remainder when 1/w - 792/(-48) is divided by 11?
5
Let k(i) = 125*i**2 + 2*i + 5. What is the remainder when k(-3) is divided by 49?
46
Let p(c) = -46 - c**2 + 5 + 6*c + 4*c - 59 + 3*c**2. Calculate the remainder when p(-16) is divided by 87.
78
Let v(c) = -c**3 + 5*c**2 - 4*c. Let d be v(4). Let z = 407 + -404. Suppose -2*r + 21 - z = d. What is the remainder when 14 is divided by r?
5
Let q = -3819 - -3827. Calculate the remainder when 82 is divided by q.
2
Let o be 5 - (-12)/(12/(-2)). Suppose -5*n = 4*f - 519, -5*n + 247 = -o*f + 5*f. Calculate the remainder when f is divided by 76.
60
What is the remainder when (1820/(-195)*258/(-8))/1 is divided by 62?
53
Let f(g) = g**3 + 8*g**2 - 13*g - 14. Let j(z) = z**2 - 20*z - 38. Let p be j(22). Suppose p*o + 0 = -54. Calculate the remainder when f(o) is divided by 3.
1
Suppose 29*o = -3*l + 32*o - 9, l + 23 = 5*o. Calculate the remainder when 7 is divided by l.
1
Suppose 6*m - 773 = 14749. What is the remainder when m is divided by 24?
19
Suppose 0 = -4*p - 4*r + 1040, -61*p + 2*r = -59*p - 540. Calculate the remainder when p is divided by 15.
10
Let r be 5*3*(-13)/((-130)/(-36)). Let j = 54 + r. Let d(f) = f**2 + 11. What is the remainder when 75 is divided by d(j)?
9
Let v(g) = -127 - 1223*g - 1241*g + 2413*g. What is the remainder when v(-21) is divided by 43?
41
Let a(k) = -k**3 + 17*k**2 - 15*k - 16. Let v be a(16). Suppose v = 49*b - 53*b + 16. What is the remainder when 230/(-2)*(-4)/b is divided by 39?
37
Let g be (12/(-8))/(3/(-10)). What is the remainder when 43 is divided by 21 + -20 + (g/1 - 1)?
3
Let r(x) = x**3 + 7*x**2 + 7*x - 6. Let f be r(-6). Let v(z) = -286*z - 1958. Calculate the remainder when (-2)/(-8) - 2073/f is divided by v(-7).
41
Calculate the remainder when 3406 is divided by 58 + 17 + -1*2 + -11.
58
Let m be (-8)/2 + -36*11/(-44). Let o(a) = -67*a + 374. Calculate the remainder when 46 is divided by o(m).
7
Let b(d) = -11*d**3 + 19*d**2 - 32*d + 30. Let w(k) = 4*k**3 - 6*k**2 + 11*k - 10. Let m(n) = 3*b(n) + 8*w(n). What is the remainder when 35 is divided by m(8)?
5
Let m = 30 - 20. Suppose -8448 + 937 = 4*h - 207*h. What is the remainder when h is divided by m?
7
Suppose -80*w - 135*w = -0*w - 8600. What is the remainder when 31039 is divided by w?
39
Let u = -317 - -988. Let f = -410 + u. Calculate the remainder when f is divided by 11.
8
Let y be ((-936)/(-20))/((-3)/(-10)). Suppose -r - 6*a + 20 = -2*a, 3*a = 4*r - y. Suppose -3*x = -6*x + r. What is the remainder when 21 is divided by x?
9
Let i(v) be the second derivative of -49*v**3/6 - 143*v**2 - 13*v - 1. Calculate the remainder when i(-6) is divided by 5.
3
Suppose -3*a = -9 - 6. Suppose -a*m = 5*d - 235, 0*d + 4*m = d - 47. Let q = -130 + 223. What is the remainder when q is divided by d?
46
Suppose -5*d + 2084 = -339*z + 343*z, 0 = -3*z + 3. Calculate the remainder when 1252 is divided by d.
4
Let o = 9171 - 8756. Calculate the remainder when o is divided by 12.
7
Suppose 0 = 185*v - 4885 - 1775. Calculate the remainder when 436 is divided by v.
4
Suppose 0 = -158*i + 153*i + 4*n + 2938, -2*i + 4*n + 1180 = 0. What is the remainder when i is divided by 48?
10
Let i = -1503 + 1549. Calculate the remainder when 386 is divided by i.
18
Suppose 0 = 55*m + 16*m - 16589 - 1232. What is the remainder when m is divided by 133?
118
Let s(f) = f + 41. Suppose 2*k - 370 = -4*x, -3*k + 373 = -71*x + 75*x. Calculate the remainder when x is divided by s(-16).
16
Let t(g) = -17*g + 3 - 6 - 80*g**2 + 79*g**2. What is the remainder when 198 is divided by t(-7)?
64
Let u = 3996 + -3467. Calculate the remainder when u is divided by 9.
7
Let q(g) = 4*g**2 + 4*g - 15. Let h(p) = 8*p - 124. Let c be h(15). What is the remainder when 329 is divided by q(c)?
32
Let z = 24318 - -1111. What is the remainder when z is divided by 29?
25
Let y(d) = d**3 - 62*d**2 + 900*d + 7. What is the remainder when y(23) is divided by 74?
2
Let w = 300 - 248. What is the remainder when w + -1 + 14/7 is divided by 15?
8
Let x = 4516 - 4438. Calculate the remainder when x is divided by 16.
14
Let i(z) = 3*z**3 - 2*z**2 - 31*z + 50. Calculate the remainder when i(6) is divided by 105.
20
Let s(r) = -14 + 3*r + 16*r**2 + 7 - 7. What is the remainder when s(-5) is divided by 34?
31
Suppose -1 = 2*h - 119. Let b(s) = s**2 + 1014*s + 5064. What is the remainder when h is divided by b(-5)?
2
What is the remainder when (-91450)/(-240) + 18/(-432) is divided by 68?
41
Let n(u) = 183*u - 4. Let g = 237489 + -237408. What is the remainder when n(4) is divided by g?
80
Suppose a - 65 = -o, o = 4*o - 5*a - 147. Suppose -55 = -4*m - 5*i, 10 = m + 6*i - i. Calculate the remainder when o is divided by m.
14
Calculate the remainder when 912 is divided by 4 + -34 + 29 + (-3)/(-2)*2.
0
Let i = 80 - -59. Let d = i - 101. What is the remainder when 92 is divided by d?
16
Let l(m) = 81*m**2 - 6*m - 4. Let s(h) = h**2 + h